[INFO] cloning repository https://github.com/AnyLeaf/ph-rust
[INFO] running `Command { std: "git" "-c" "credential.helper=" "-c" "credential.helper=/workspace/cargo-home/bin/git-credential-null" "clone" "--bare" "https://github.com/AnyLeaf/ph-rust" "/workspace/cache/git-repos/https%3A%2F%2Fgithub.com%2FAnyLeaf%2Fph-rust", kill_on_drop: false }`
[INFO] [stderr] Cloning into bare repository '/workspace/cache/git-repos/https%3A%2F%2Fgithub.com%2FAnyLeaf%2Fph-rust'...
[INFO] running `Command { std: "git" "rev-parse" "HEAD", kill_on_drop: false }`
[INFO] [stdout] bad5b0fbe7f9f9ab849dcbd0db4d7a38437926cf
[INFO] checking AnyLeaf/ph-rust against try#72f88fc4e9458f89516a0b8b0868f3718aec5b47 for pr-74989
[INFO] running `Command { std: "git" "clone" "/workspace/cache/git-repos/https%3A%2F%2Fgithub.com%2FAnyLeaf%2Fph-rust" "/workspace/builds/worker-0/source", kill_on_drop: false }`
[INFO] [stderr] Cloning into '/workspace/builds/worker-0/source'...
[INFO] [stderr] done.
[INFO] validating manifest of git repo https://github.com/AnyLeaf/ph-rust on toolchain 72f88fc4e9458f89516a0b8b0868f3718aec5b47
[INFO] running `Command { std: "/workspace/cargo-home/bin/cargo" "+72f88fc4e9458f89516a0b8b0868f3718aec5b47" "read-manifest" "--manifest-path" "Cargo.toml", kill_on_drop: false }`
[INFO] started tweaking git repo https://github.com/AnyLeaf/ph-rust
[INFO] removed path dependency stm32f3xx-hal from git repo https://github.com/AnyLeaf/ph-rust
[INFO] finished tweaking git repo https://github.com/AnyLeaf/ph-rust
[INFO] tweaked toml for git repo https://github.com/AnyLeaf/ph-rust written to /workspace/builds/worker-0/source/Cargo.toml
[INFO] crate git repo https://github.com/AnyLeaf/ph-rust already has a lockfile, it will not be regenerated
[INFO] running `Command { std: "/workspace/cargo-home/bin/cargo" "+72f88fc4e9458f89516a0b8b0868f3718aec5b47" "fetch" "--locked" "--manifest-path" "Cargo.toml", kill_on_drop: false }`
[INFO] [stderr] warning: dependency (stm32f3xx-hal) specified without providing a local path, Git repository, or version to use. This will be considered an error in future versions
[INFO] [stderr]     Updating crates.io index
[INFO] [stderr] error: the lock file /workspace/builds/worker-0/source/Cargo.lock needs to be updated but --locked was passed to prevent this
[INFO] [stderr] If you want to try to generate the lock file without accessing the network, use the --offline flag.
[INFO] the lockfile is outdated, regenerating it
[INFO] running `Command { std: "/workspace/cargo-home/bin/cargo" "+72f88fc4e9458f89516a0b8b0868f3718aec5b47" "generate-lockfile" "--manifest-path" "Cargo.toml" "-Zno-index-update", kill_on_drop: false }`
[INFO] running `Command { std: "/workspace/cargo-home/bin/cargo" "+72f88fc4e9458f89516a0b8b0868f3718aec5b47" "fetch" "--locked" "--manifest-path" "Cargo.toml", kill_on_drop: false }`
[INFO] [stderr] warning: dependency (stm32f3xx-hal) specified without providing a local path, Git repository, or version to use. This will be considered an error in future versions
[INFO] [stderr]     Blocking waiting for file lock on package cache
[INFO] [stderr]     Blocking waiting for file lock on package cache
[INFO] [stderr]  Downloading crates ...
[INFO] [stderr]   Downloaded nb v0.1.3
[INFO] [stderr]   Downloaded embedded-hal v0.2.4
[INFO] [stderr]   Downloaded simba v0.1.5
[INFO] [stderr]   Downloaded bitfield v0.13.2
[INFO] [stderr]   Downloaded cortex-m-rt v0.6.13
[INFO] [stderr]   Downloaded cortex-m v0.6.3
[INFO] [stderr]   Downloaded filter v0.2.0
[INFO] [stderr]   Downloaded ads1x1x v0.2.1
[INFO] [stderr]   Downloaded nalgebra v0.21.1
[INFO] [stderr]   Downloaded usb-device v0.2.5
[INFO] [stderr]   Downloaded stm32f3xx-hal v0.5.0
[INFO] [stderr]   Downloaded nb v1.0.0
[INFO] [stderr]   Downloaded aligned v0.3.4
[INFO] [stderr]   Downloaded stm32-usbd v0.5.1
[INFO] [stderr]   Downloaded stm32f3 v0.11.0
[INFO] running `Command { std: "docker" "create" "-v" "/var/lib/crater-agent-workspace/builds/worker-0/target:/opt/rustwide/target:rw,Z" "-v" "/var/lib/crater-agent-workspace/builds/worker-0/source:/opt/rustwide/workdir:ro,Z" "-v" "/var/lib/crater-agent-workspace/cargo-home:/opt/rustwide/cargo-home:ro,Z" "-v" "/var/lib/crater-agent-workspace/rustup-home:/opt/rustwide/rustup-home:ro,Z" "-e" "SOURCE_DIR=/opt/rustwide/workdir" "-e" "CARGO_TARGET_DIR=/opt/rustwide/target" "-e" "CARGO_HOME=/opt/rustwide/cargo-home" "-e" "RUSTUP_HOME=/opt/rustwide/rustup-home" "-w" "/opt/rustwide/workdir" "-m" "1610612736" "--user" "0:0" "--network" "none" "rustops/crates-build-env@sha256:d92eaeed33fa75130ca1ee6c8a01d1ffb62bac859dfdfb3450e3e5d1c0146529" "/opt/rustwide/cargo-home/bin/cargo" "+72f88fc4e9458f89516a0b8b0868f3718aec5b47" "metadata" "--no-deps" "--format-version=1", kill_on_drop: false }`
[INFO] [stdout] 9d7fc1ce4c746d4966052e0ec22273796e6464d497dab4b6fd2480d1f73c7768
[INFO] [stderr] WARNING: Your kernel does not support swap limit capabilities or the cgroup is not mounted. Memory limited without swap.
[INFO] running `Command { std: "docker" "start" "-a" "9d7fc1ce4c746d4966052e0ec22273796e6464d497dab4b6fd2480d1f73c7768", kill_on_drop: false }`
[INFO] running `Command { std: "docker" "inspect" "9d7fc1ce4c746d4966052e0ec22273796e6464d497dab4b6fd2480d1f73c7768", kill_on_drop: false }`
[INFO] running `Command { std: "docker" "rm" "-f" "9d7fc1ce4c746d4966052e0ec22273796e6464d497dab4b6fd2480d1f73c7768", kill_on_drop: false }`
[INFO] [stdout] 9d7fc1ce4c746d4966052e0ec22273796e6464d497dab4b6fd2480d1f73c7768
[INFO] running `Command { std: "docker" "create" "-v" "/var/lib/crater-agent-workspace/builds/worker-0/target:/opt/rustwide/target:rw,Z" "-v" "/var/lib/crater-agent-workspace/builds/worker-0/source:/opt/rustwide/workdir:ro,Z" "-v" "/var/lib/crater-agent-workspace/cargo-home:/opt/rustwide/cargo-home:ro,Z" "-v" "/var/lib/crater-agent-workspace/rustup-home:/opt/rustwide/rustup-home:ro,Z" "-e" "SOURCE_DIR=/opt/rustwide/workdir" "-e" "CARGO_TARGET_DIR=/opt/rustwide/target" "-e" "CARGO_INCREMENTAL=0" "-e" "RUST_BACKTRACE=full" "-e" "RUSTFLAGS=--cap-lints=forbid" "-e" "CARGO_HOME=/opt/rustwide/cargo-home" "-e" "RUSTUP_HOME=/opt/rustwide/rustup-home" "-w" "/opt/rustwide/workdir" "-m" "1610612736" "--user" "0:0" "--network" "none" "rustops/crates-build-env@sha256:d92eaeed33fa75130ca1ee6c8a01d1ffb62bac859dfdfb3450e3e5d1c0146529" "/opt/rustwide/cargo-home/bin/cargo" "+72f88fc4e9458f89516a0b8b0868f3718aec5b47" "check" "--frozen" "--all" "--all-targets" "--message-format=json", kill_on_drop: false }`
[INFO] [stdout] 3e474c2bb719b4e556efe1b9a88ce31c7c65d6e2403916ff300cfe36ce507c1d
[INFO] [stderr] WARNING: Your kernel does not support swap limit capabilities or the cgroup is not mounted. Memory limited without swap.
[INFO] running `Command { std: "docker" "start" "-a" "3e474c2bb719b4e556efe1b9a88ce31c7c65d6e2403916ff300cfe36ce507c1d", kill_on_drop: false }`
[INFO] [stderr] warning: dependency (stm32f3xx-hal) specified without providing a local path, Git repository, or version to use. This will be considered an error in future versions
[INFO] [stderr]    Compiling semver-parser v0.7.0
[INFO] [stderr]    Compiling libm v0.2.1
[INFO] [stderr]    Compiling cortex-m v0.6.3
[INFO] [stderr]    Compiling unicode-xid v0.2.1
[INFO] [stderr]    Compiling syn v1.0.40
[INFO] [stderr]    Compiling cortex-m-rt v0.6.13
[INFO] [stderr]     Checking void v1.0.2
[INFO] [stderr]    Compiling stm32-usbd v0.5.1
[INFO] [stderr]    Compiling stm32f3 v0.11.0
[INFO] [stderr]     Checking usb-device v0.2.5
[INFO] [stderr]    Compiling num-traits v0.2.12
[INFO] [stderr]    Compiling num-integer v0.1.43
[INFO] [stderr]    Compiling num-complex v0.2.4
[INFO] [stderr]    Compiling num-rational v0.2.4
[INFO] [stderr]     Checking nb v0.1.3
[INFO] [stderr]    Compiling paste-impl v0.1.18
[INFO] [stderr]     Checking rand_chacha v0.2.2
[INFO] [stderr]     Checking embedded-hal v0.2.4
[INFO] [stderr]    Compiling proc-macro2 v1.0.21
[INFO] [stderr]     Checking generic-array v0.13.2
[INFO] [stderr]     Checking ads1x1x v0.2.1
[INFO] [stderr]    Compiling semver v0.9.0
[INFO] [stderr]     Checking rand v0.7.3
[INFO] [stderr]     Checking as-slice v0.1.3
[INFO] [stderr]    Compiling quote v1.0.7
[INFO] [stderr]    Compiling rustc_version v0.2.3
[INFO] [stderr]     Checking paste v0.1.18
[INFO] [stderr]    Compiling bare-metal v0.2.5
[INFO] [stderr]    Compiling cast v0.2.3
[INFO] [stderr]     Checking aligned v0.3.4
[INFO] [stderr]     Checking approx v0.3.2
[INFO] [stderr]     Checking simba v0.1.5
[INFO] [stderr]     Checking nalgebra v0.21.1
[INFO] [stderr]    Compiling cortex-m-rt-macros v0.1.8
[INFO] [stderr]     Checking filter v0.2.0
[INFO] [stderr]     Checking stm32f3xx-hal v0.5.0
[INFO] [stderr]     Checking anyleaf v0.1.7 (/opt/rustwide/workdir)
[INFO] [stdout] error[E0432]: unresolved import `stm32f3xx_hal::dac`
[INFO] [stdout]   --> src/lib.rs:91:21
[INFO] [stdout]    |
[INFO] [stdout] 91 | use stm32f3xx_hal::{dac::SingleChannelDac, rcc::APB1};
[INFO] [stdout]    |                     ^^^ could not find `dac` in `stm32f3xx_hal`
[INFO] [stdout] 
[INFO] [stdout] 
[INFO] [stdout] error[E0432]: unresolved import `stm32f3xx_hal::dac`
[INFO] [stdout]   --> src/ec.rs:21:21
[INFO] [stdout]    |
[INFO] [stdout] 21 | use stm32f3xx_hal::{dac::SingleChannelDac, rcc::APB1};
[INFO] [stdout]    |                     ^^^ could not find `dac` in `stm32f3xx_hal`
[INFO] [stdout] 
[INFO] [stdout] 
[INFO] [stdout] error: aborting due to 2 previous errors
[INFO] [stdout] 
[INFO] [stdout] 
[INFO] [stdout] For more information about this error, try `rustc --explain E0432`.
[INFO] [stdout] 
[INFO] [stderr] error: could not compile `anyleaf`.
[INFO] [stderr] 
[INFO] [stderr] To learn more, run the command again with --verbose.
[INFO] [stderr] warning: build failed, waiting for other jobs to finish...
[INFO] [stdout] error[E0432]: unresolved import `stm32f3xx_hal::dac`
[INFO] [stdout]   --> src/lib.rs:91:21
[INFO] [stdout]    |
[INFO] [stdout] 91 | use stm32f3xx_hal::{dac::SingleChannelDac, rcc::APB1};
[INFO] [stdout]    |                     ^^^ could not find `dac` in `stm32f3xx_hal`
[INFO] [stdout] 
[INFO] [stdout] 
[INFO] [stdout] error[E0432]: unresolved import `stm32f3xx_hal::dac`
[INFO] [stdout]   --> src/ec.rs:21:21
[INFO] [stdout]    |
[INFO] [stdout] 21 | use stm32f3xx_hal::{dac::SingleChannelDac, rcc::APB1};
[INFO] [stdout]    |                     ^^^ could not find `dac` in `stm32f3xx_hal`
[INFO] [stdout] 
[INFO] [stdout] 
[INFO] [stdout] error: aborting due to 2 previous errors
[INFO] [stdout] 
[INFO] [stdout] 
[INFO] [stdout] For more information about this error, try `rustc --explain E0432`.
[INFO] [stdout] 
[INFO] [stderr] error: build failed
[INFO] running `Command { std: "docker" "inspect" "3e474c2bb719b4e556efe1b9a88ce31c7c65d6e2403916ff300cfe36ce507c1d", kill_on_drop: false }`
[INFO] running `Command { std: "docker" "rm" "-f" "3e474c2bb719b4e556efe1b9a88ce31c7c65d6e2403916ff300cfe36ce507c1d", kill_on_drop: false }`
[INFO] [stdout] 3e474c2bb719b4e556efe1b9a88ce31c7c65d6e2403916ff300cfe36ce507c1d
